{"id":25,"date":"2020-06-03T21:38:19","date_gmt":"2020-06-03T19:38:19","guid":{"rendered":"http:\/\/camping.gorystolowe.info\/?page_id=25"},"modified":"2025-03-12T11:27:04","modified_gmt":"2025-03-12T10:27:04","slug":"cennik","status":"publish","type":"page","link":"https:\/\/camping.gorystolowe.info\/index.php\/cennik\/","title":{"rendered":"CENNIK"},"content":{"rendered":"<table style=\"height: 952px;\" border=\"0\" width=\"782\" cellspacing=\"1\" cellpadding=\"1\" align=\"left\">\n<tbody>\n<tr>\n<td width=\"345\">Pobyt osobodzie\u0144 osoby doros\u0142e<\/td>\n<td width=\"724\">27z\u0142<\/td>\n<\/tr>\n<tr>\n<td width=\"345\">Dzieci do lat 15<\/td>\n<td width=\"724\">15z\u0142<\/td>\n<\/tr>\n<tr>\n<td width=\"345\">Samoch\u00f3d campingowy<\/td>\n<td width=\"724\">35z\u0142 doba<\/td>\n<\/tr>\n<tr>\n<td width=\"345\">Przyczepa campingowa<\/td>\n<td width=\"724\">20z\u0142 doba<\/td>\n<\/tr>\n<tr>\n<td width=\"345\">Samoch\u00f3d osobowy<\/td>\n<td width=\"724\">15z\u0142 doba<\/td>\n<\/tr>\n<tr>\n<td width=\"345\">Bus<\/td>\n<td width=\"724\">25z\u0142 doba<\/td>\n<\/tr>\n<tr>\n<td width=\"345\">Motocykl<\/td>\n<td width=\"724\">8z\u0142 doba<\/td>\n<\/tr>\n<tr>\n<td width=\"345\">Korzystanie z pr\u0105du<\/td>\n<td width=\"724\">20z\u0142 doba<\/td>\n<\/tr>\n<tr>\n<td width=\"345\">Camper Service &#8211; dla nie korzystaj\u0105cych z pola<\/td>\n<td width=\"724\">50z\u0142 (woda szara i WC)<\/td>\n<\/tr>\n<tr>\n<td width=\"345\">Namiot 1-2 osobowy<\/td>\n<td width=\"724\">10z\u0142 doba<\/td>\n<\/tr>\n<tr>\n<td width=\"345\">Namiot 3-4 osobowy<\/td>\n<td width=\"724\">25z\u0142 doba<\/td>\n<\/tr>\n<tr>\n<td width=\"345\">Namiot powy\u017cej 4 os\u00f3b<\/td>\n<td width=\"724\">35z\u0142 doba<\/td>\n<\/tr>\n<tr>\n<td width=\"345\">Domek 6-8 osobowy<\/td>\n<td width=\"724\">400z\u0142 doba<\/td>\n<\/tr>\n<tr>\n<td width=\"345\">Zwierz\u0119ta<\/td>\n<td width=\"724\"><strong>BEZP\u0141ATNIE<\/strong><\/td>\n<\/tr>\n<tr>\n<td width=\"345\">Korzystanie z pralki<\/td>\n<td width=\"724\">20z\u0142 <u><strong>jednorazowo<\/strong><\/u><\/td>\n<\/tr>\n<tr>\n<td width=\"345\">Op\u0142ata klimatyczna<\/td>\n<td width=\"724\">2,50z\u0142 od osoby za dob\u0119 (zgodnie z Uchwa\u0142\u0105 Rady Miejskiej w Radkowie)<\/td>\n<\/tr>\n<tr>\n<td width=\"345\">Zni\u017cka dla cz\u0142onk\u00f3w PFCC i os\u00f3b niepe\u0142nosprawnych<\/td>\n<td width=\"724\">10%<\/td>\n<\/tr>\n<\/tbody>\n<\/table>\n","protected":false},"excerpt":{"rendered":"<p>Pobyt osobodzie\u0144 osoby doros\u0142e 27z\u0142 Dzieci do lat 15 15z\u0142 Samoch\u00f3d campingowy 35z\u0142 doba Przyczepa campingowa 20z\u0142 doba Samoch\u00f3d osobowy 15z\u0142 doba Bus 25z\u0142 doba Motocykl 8z\u0142 doba Korzystanie z pr\u0105du 20z\u0142 doba Camper Service &#8211; dla nie korzystaj\u0105cych z pola 50z\u0142 (woda szara i WC) Namiot 1-2 osobowy 10z\u0142 doba Namiot 3-4 osobowy 25z\u0142&#8230;<\/p>\n<p class=\"more-link\"><a href=\"https:\/\/camping.gorystolowe.info\/index.php\/cennik\/\"><span>Read More<\/span><i>&#43;<\/i><\/a><\/p>\n","protected":false},"author":1,"featured_media":0,"parent":0,"menu_order":0,"comment_status":"closed","ping_status":"closed","template":"","meta":{"footnotes":""},"class_list":["post-25","page","type-page","status-publish","hentry"],"_links":{"self":[{"href":"https:\/\/camping.gorystolowe.info\/index.php\/wp-json\/wp\/v2\/pages\/25","targetHints":{"allow":["GET"]}}],"collection":[{"href":"https:\/\/camping.gorystolowe.info\/index.php\/wp-json\/wp\/v2\/pages"}],"about":[{"href":"https:\/\/camping.gorystolowe.info\/index.php\/wp-json\/wp\/v2\/types\/page"}],"author":[{"embeddable":true,"href":"https:\/\/camping.gorystolowe.info\/index.php\/wp-json\/wp\/v2\/users\/1"}],"replies":[{"embeddable":true,"href":"https:\/\/camping.gorystolowe.info\/index.php\/wp-json\/wp\/v2\/comments?post=25"}],"version-history":[{"count":13,"href":"https:\/\/camping.gorystolowe.info\/index.php\/wp-json\/wp\/v2\/pages\/25\/revisions"}],"predecessor-version":[{"id":180,"href":"https:\/\/camping.gorystolowe.info\/index.php\/wp-json\/wp\/v2\/pages\/25\/revisions\/180"}],"wp:attachment":[{"href":"https:\/\/camping.gorystolowe.info\/index.php\/wp-json\/wp\/v2\/media?parent=25"}],"curies":[{"name":"wp","href":"https:\/\/api.w.org\/{rel}","templated":true}]}}