{"id":68,"date":"2020-06-05T11:04:46","date_gmt":"2020-06-05T09:04:46","guid":{"rendered":"http:\/\/camping.gorystolowe.info\/?page_id=68"},"modified":"2021-06-02T14:28:53","modified_gmt":"2021-06-02T12:28:53","slug":"dla-gosci","status":"publish","type":"page","link":"http:\/\/camping.gorystolowe.info\/index.php\/dla-gosci\/","title":{"rendered":"DLA GO\u015aCI"},"content":{"rendered":"\n\t\t<style type=\"text\/css\">\n\t\t\t#gallery-1 {\n\t\t\t\tmargin: auto;\n\t\t\t}\n\t\t\t#gallery-1 .gallery-item {\n\t\t\t\tfloat: left;\n\t\t\t\tmargin-top: 10px;\n\t\t\t\ttext-align: center;\n\t\t\t\twidth: 50%;\n\t\t\t}\n\t\t\t#gallery-1 img {\n\t\t\t\tborder: 2px solid #cfcfcf;\n\t\t\t}\n\t\t\t#gallery-1 .gallery-caption {\n\t\t\t\tmargin-left: 0;\n\t\t\t}\n\t\t\t\/* see gallery_shortcode() in wp-includes\/media.php *\/\n\t\t<\/style>\n\t\t<div id='gallery-1' class='gallery galleryid-68 gallery-columns-2 gallery-size-large'><dl class='gallery-item'>\n\t\t\t<dt class='gallery-icon landscape'>\n\t\t\t\t<a href='http:\/\/camping.gorystolowe.info\/wp-content\/uploads\/2020\/06\/palenisko-z-grillem.jpg' title=\"\" data-rl_title=\"\" class=\"rl-gallery-link\" data-rl_caption=\"\" data-rel=\"lightbox-gallery-1\"><img loading=\"lazy\" decoding=\"async\" width=\"1024\" height=\"576\" src=\"http:\/\/camping.gorystolowe.info\/wp-content\/uploads\/2020\/06\/palenisko-z-grillem-1024x576.jpg\" class=\"attachment-large size-large\" alt=\"\" aria-describedby=\"gallery-1-121\" srcset=\"http:\/\/camping.gorystolowe.info\/wp-content\/uploads\/2020\/06\/palenisko-z-grillem-1024x576.jpg 1024w, http:\/\/camping.gorystolowe.info\/wp-content\/uploads\/2020\/06\/palenisko-z-grillem-300x169.jpg 300w, http:\/\/camping.gorystolowe.info\/wp-content\/uploads\/2020\/06\/palenisko-z-grillem-768x432.jpg 768w, http:\/\/camping.gorystolowe.info\/wp-content\/uploads\/2020\/06\/palenisko-z-grillem.jpg 1200w\" sizes=\"auto, (max-width: 1024px) 100vw, 1024px\" \/><\/a>\n\t\t\t<\/dt>\n\t\t\t\t<dd class='wp-caption-text gallery-caption' id='gallery-1-121'>\n\t\t\t\tpalenisko z grillem zawsze dost\u0119pne\n\t\t\t\t<\/dd><\/dl><dl class='gallery-item'>\n\t\t\t<dt class='gallery-icon landscape'>\n\t\t\t\t<a href='http:\/\/camping.gorystolowe.info\/wp-content\/uploads\/2020\/06\/umeblowana-wiata.jpg' title=\"\" data-rl_title=\"\" class=\"rl-gallery-link\" data-rl_caption=\"\" data-rel=\"lightbox-gallery-1\"><img loading=\"lazy\" decoding=\"async\" width=\"1024\" height=\"576\" src=\"http:\/\/camping.gorystolowe.info\/wp-content\/uploads\/2020\/06\/umeblowana-wiata-1024x576.jpg\" class=\"attachment-large size-large\" alt=\"\" aria-describedby=\"gallery-1-123\" srcset=\"http:\/\/camping.gorystolowe.info\/wp-content\/uploads\/2020\/06\/umeblowana-wiata-1024x576.jpg 1024w, http:\/\/camping.gorystolowe.info\/wp-content\/uploads\/2020\/06\/umeblowana-wiata-300x169.jpg 300w, http:\/\/camping.gorystolowe.info\/wp-content\/uploads\/2020\/06\/umeblowana-wiata-768x432.jpg 768w, http:\/\/camping.gorystolowe.info\/wp-content\/uploads\/2020\/06\/umeblowana-wiata.jpg 1200w\" sizes=\"auto, (max-width: 1024px) 100vw, 1024px\" \/><\/a>\n\t\t\t<\/dt>\n\t\t\t\t<dd class='wp-caption-text gallery-caption' id='gallery-1-123'>\n\t\t\t\tposi\u0142ek na \u015bwie\u017cym powietrzu nawet jak pada deszcz\n\t\t\t\t<\/dd><\/dl><br style=\"clear: both\" \/><dl class='gallery-item'>\n\t\t\t<dt class='gallery-icon landscape'>\n\t\t\t\t<a href='http:\/\/camping.gorystolowe.info\/wp-content\/uploads\/2020\/06\/bulodrom.jpg' title=\"\" data-rl_title=\"\" class=\"rl-gallery-link\" data-rl_caption=\"\" data-rel=\"lightbox-gallery-1\"><img loading=\"lazy\" decoding=\"async\" width=\"1024\" height=\"576\" src=\"http:\/\/camping.gorystolowe.info\/wp-content\/uploads\/2020\/06\/bulodrom-1024x576.jpg\" class=\"attachment-large size-large\" alt=\"\" aria-describedby=\"gallery-1-119\" srcset=\"http:\/\/camping.gorystolowe.info\/wp-content\/uploads\/2020\/06\/bulodrom-1024x576.jpg 1024w, http:\/\/camping.gorystolowe.info\/wp-content\/uploads\/2020\/06\/bulodrom-300x169.jpg 300w, http:\/\/camping.gorystolowe.info\/wp-content\/uploads\/2020\/06\/bulodrom-768x432.jpg 768w, http:\/\/camping.gorystolowe.info\/wp-content\/uploads\/2020\/06\/bulodrom.jpg 1200w\" sizes=\"auto, (max-width: 1024px) 100vw, 1024px\" \/><\/a>\n\t\t\t<\/dt>\n\t\t\t\t<dd class='wp-caption-text gallery-caption' id='gallery-1-119'>\n\t\t\t\tgra w bule? dlaczego nie!\n\t\t\t\t<\/dd><\/dl><dl class='gallery-item'>\n\t\t\t<dt class='gallery-icon landscape'>\n\t\t\t\t<a href='http:\/\/camping.gorystolowe.info\/wp-content\/uploads\/2020\/06\/questy-przygoda-dla-calej-rodziny.jpg' title=\"\" data-rl_title=\"\" class=\"rl-gallery-link\" data-rl_caption=\"\" data-rel=\"lightbox-gallery-1\"><img loading=\"lazy\" decoding=\"async\" width=\"1024\" height=\"576\" src=\"http:\/\/camping.gorystolowe.info\/wp-content\/uploads\/2020\/06\/questy-przygoda-dla-calej-rodziny-1024x576.jpg\" class=\"attachment-large size-large\" alt=\"\" aria-describedby=\"gallery-1-122\" srcset=\"http:\/\/camping.gorystolowe.info\/wp-content\/uploads\/2020\/06\/questy-przygoda-dla-calej-rodziny-1024x576.jpg 1024w, http:\/\/camping.gorystolowe.info\/wp-content\/uploads\/2020\/06\/questy-przygoda-dla-calej-rodziny-300x169.jpg 300w, http:\/\/camping.gorystolowe.info\/wp-content\/uploads\/2020\/06\/questy-przygoda-dla-calej-rodziny-768x432.jpg 768w, http:\/\/camping.gorystolowe.info\/wp-content\/uploads\/2020\/06\/questy-przygoda-dla-calej-rodziny.jpg 1200w\" sizes=\"auto, (max-width: 1024px) 100vw, 1024px\" \/><\/a>\n\t\t\t<\/dt>\n\t\t\t\t<dd class='wp-caption-text gallery-caption' id='gallery-1-122'>\n\t\t\t\tQUESTY &#8211; przygoda dla ca\u0142ej rodziny\n\t\t\t\t<\/dd><\/dl><br style=\"clear: both\" \/><dl class='gallery-item'>\n\t\t\t<dt class='gallery-icon landscape'>\n\t\t\t\t<a href='http:\/\/camping.gorystolowe.info\/wp-content\/uploads\/2020\/06\/lezaki-czekaja.jpg' title=\"\" data-rl_title=\"\" class=\"rl-gallery-link\" data-rl_caption=\"\" data-rel=\"lightbox-gallery-1\"><img loading=\"lazy\" decoding=\"async\" width=\"1024\" height=\"556\" src=\"http:\/\/camping.gorystolowe.info\/wp-content\/uploads\/2020\/06\/lezaki-czekaja-1024x556.jpg\" class=\"attachment-large size-large\" alt=\"\" aria-describedby=\"gallery-1-120\" srcset=\"http:\/\/camping.gorystolowe.info\/wp-content\/uploads\/2020\/06\/lezaki-czekaja-1024x556.jpg 1024w, http:\/\/camping.gorystolowe.info\/wp-content\/uploads\/2020\/06\/lezaki-czekaja-300x163.jpg 300w, http:\/\/camping.gorystolowe.info\/wp-content\/uploads\/2020\/06\/lezaki-czekaja-768x417.jpg 768w, http:\/\/camping.gorystolowe.info\/wp-content\/uploads\/2020\/06\/lezaki-czekaja.jpg 1200w\" sizes=\"auto, (max-width: 1024px) 100vw, 1024px\" \/><\/a>\n\t\t\t<\/dt>\n\t\t\t\t<dd class='wp-caption-text gallery-caption' id='gallery-1-120'>\n\t\t\t\tzm\u0119czony? le\u017cak jest idealny do odpoczynku\n\t\t\t\t<\/dd><\/dl><dl class='gallery-item'>\n\t\t\t<dt class='gallery-icon landscape'>\n\t\t\t\t<a href='http:\/\/camping.gorystolowe.info\/wp-content\/uploads\/2020\/06\/zawsze-mozna-sie-ochlodzic.jpg' title=\"\" data-rl_title=\"\" class=\"rl-gallery-link\" data-rl_caption=\"\" data-rel=\"lightbox-gallery-1\"><img loading=\"lazy\" decoding=\"async\" width=\"1024\" height=\"576\" src=\"http:\/\/camping.gorystolowe.info\/wp-content\/uploads\/2020\/06\/zawsze-mozna-sie-ochlodzic-1024x576.jpg\" class=\"attachment-large size-large\" alt=\"\" aria-describedby=\"gallery-1-124\" srcset=\"http:\/\/camping.gorystolowe.info\/wp-content\/uploads\/2020\/06\/zawsze-mozna-sie-ochlodzic-1024x576.jpg 1024w, http:\/\/camping.gorystolowe.info\/wp-content\/uploads\/2020\/06\/zawsze-mozna-sie-ochlodzic-300x169.jpg 300w, http:\/\/camping.gorystolowe.info\/wp-content\/uploads\/2020\/06\/zawsze-mozna-sie-ochlodzic-768x432.jpg 768w, http:\/\/camping.gorystolowe.info\/wp-content\/uploads\/2020\/06\/zawsze-mozna-sie-ochlodzic.jpg 1200w\" sizes=\"auto, (max-width: 1024px) 100vw, 1024px\" \/><\/a>\n\t\t\t<\/dt>\n\t\t\t\t<dd class='wp-caption-text gallery-caption' id='gallery-1-124'>\n\t\t\t\tidealne miejsce na och\u0142od\u0119\n\t\t\t\t<\/dd><\/dl><br style=\"clear: both\" \/><dl class='gallery-item'>\n\t\t\t<dt class='gallery-icon landscape'>\n\t\t\t\t<a href='http:\/\/camping.gorystolowe.info\/wp-content\/uploads\/2020\/06\/kajaki-zawsze-w-modzie.jpg' title=\"\" data-rl_title=\"\" class=\"rl-gallery-link\" data-rl_caption=\"\" data-rel=\"lightbox-gallery-1\"><img loading=\"lazy\" decoding=\"async\" width=\"1024\" height=\"576\" src=\"http:\/\/camping.gorystolowe.info\/wp-content\/uploads\/2020\/06\/kajaki-zawsze-w-modzie-1024x576.jpg\" class=\"attachment-large size-large\" alt=\"\" aria-describedby=\"gallery-1-126\" srcset=\"http:\/\/camping.gorystolowe.info\/wp-content\/uploads\/2020\/06\/kajaki-zawsze-w-modzie-1024x576.jpg 1024w, http:\/\/camping.gorystolowe.info\/wp-content\/uploads\/2020\/06\/kajaki-zawsze-w-modzie-300x169.jpg 300w, http:\/\/camping.gorystolowe.info\/wp-content\/uploads\/2020\/06\/kajaki-zawsze-w-modzie-768x432.jpg 768w, http:\/\/camping.gorystolowe.info\/wp-content\/uploads\/2020\/06\/kajaki-zawsze-w-modzie.jpg 1200w\" sizes=\"auto, (max-width: 1024px) 100vw, 1024px\" \/><\/a>\n\t\t\t<\/dt>\n\t\t\t\t<dd class='wp-caption-text gallery-caption' id='gallery-1-126'>\n\t\t\t\tkajaki zawsze w modzie\n\t\t\t\t<\/dd><\/dl><dl class='gallery-item'>\n\t\t\t<dt class='gallery-icon landscape'>\n\t\t\t\t<a href='http:\/\/camping.gorystolowe.info\/wp-content\/uploads\/2020\/07\/kuchnia_dla_pola_campingowego_03.jpg' title=\"\" data-rl_title=\"\" class=\"rl-gallery-link\" data-rl_caption=\"\" data-rel=\"lightbox-gallery-1\"><img loading=\"lazy\" decoding=\"async\" width=\"1024\" height=\"576\" src=\"http:\/\/camping.gorystolowe.info\/wp-content\/uploads\/2020\/07\/kuchnia_dla_pola_campingowego_03-1024x576.jpg\" class=\"attachment-large size-large\" alt=\"\" aria-describedby=\"gallery-1-141\" srcset=\"http:\/\/camping.gorystolowe.info\/wp-content\/uploads\/2020\/07\/kuchnia_dla_pola_campingowego_03-1024x576.jpg 1024w, http:\/\/camping.gorystolowe.info\/wp-content\/uploads\/2020\/07\/kuchnia_dla_pola_campingowego_03-300x169.jpg 300w, http:\/\/camping.gorystolowe.info\/wp-content\/uploads\/2020\/07\/kuchnia_dla_pola_campingowego_03-768x432.jpg 768w, http:\/\/camping.gorystolowe.info\/wp-content\/uploads\/2020\/07\/kuchnia_dla_pola_campingowego_03.jpg 1200w\" sizes=\"auto, (max-width: 1024px) 100vw, 1024px\" \/><\/a>\n\t\t\t<\/dt>\n\t\t\t\t<dd class='wp-caption-text gallery-caption' id='gallery-1-141'>\n\t\t\t\tkuchnia na potrzeby pola campingowego\n\t\t\t\t<\/dd><\/dl><br style=\"clear: both\" \/><dl class='gallery-item'>\n\t\t\t<dt class='gallery-icon landscape'>\n\t\t\t\t<a href='http:\/\/camping.gorystolowe.info\/wp-content\/uploads\/2020\/07\/kuchnia_dla_pola_campingowego_02.jpg' title=\"\" data-rl_title=\"\" class=\"rl-gallery-link\" data-rl_caption=\"\" data-rel=\"lightbox-gallery-1\"><img loading=\"lazy\" decoding=\"async\" width=\"1024\" height=\"576\" src=\"http:\/\/camping.gorystolowe.info\/wp-content\/uploads\/2020\/07\/kuchnia_dla_pola_campingowego_02-1024x576.jpg\" class=\"attachment-large size-large\" alt=\"\" aria-describedby=\"gallery-1-140\" srcset=\"http:\/\/camping.gorystolowe.info\/wp-content\/uploads\/2020\/07\/kuchnia_dla_pola_campingowego_02-1024x576.jpg 1024w, http:\/\/camping.gorystolowe.info\/wp-content\/uploads\/2020\/07\/kuchnia_dla_pola_campingowego_02-300x169.jpg 300w, http:\/\/camping.gorystolowe.info\/wp-content\/uploads\/2020\/07\/kuchnia_dla_pola_campingowego_02-768x432.jpg 768w, http:\/\/camping.gorystolowe.info\/wp-content\/uploads\/2020\/07\/kuchnia_dla_pola_campingowego_02.jpg 1200w\" sizes=\"auto, (max-width: 1024px) 100vw, 1024px\" \/><\/a>\n\t\t\t<\/dt>\n\t\t\t\t<dd class='wp-caption-text gallery-caption' id='gallery-1-140'>\n\t\t\t\tjeszcze jedno kuchenne stanowisko\n\t\t\t\t<\/dd><\/dl><dl class='gallery-item'>\n\t\t\t<dt class='gallery-icon landscape'>\n\t\t\t\t<a href='http:\/\/camping.gorystolowe.info\/wp-content\/uploads\/2020\/07\/kuchnia_dla_pola_campingowego_01.jpg' title=\"\" data-rl_title=\"\" class=\"rl-gallery-link\" data-rl_caption=\"\" data-rel=\"lightbox-gallery-1\"><img loading=\"lazy\" decoding=\"async\" width=\"1024\" height=\"576\" src=\"http:\/\/camping.gorystolowe.info\/wp-content\/uploads\/2020\/07\/kuchnia_dla_pola_campingowego_01-1024x576.jpg\" class=\"attachment-large size-large\" alt=\"\" aria-describedby=\"gallery-1-139\" srcset=\"http:\/\/camping.gorystolowe.info\/wp-content\/uploads\/2020\/07\/kuchnia_dla_pola_campingowego_01-1024x576.jpg 1024w, http:\/\/camping.gorystolowe.info\/wp-content\/uploads\/2020\/07\/kuchnia_dla_pola_campingowego_01-300x169.jpg 300w, http:\/\/camping.gorystolowe.info\/wp-content\/uploads\/2020\/07\/kuchnia_dla_pola_campingowego_01-768x432.jpg 768w, http:\/\/camping.gorystolowe.info\/wp-content\/uploads\/2020\/07\/kuchnia_dla_pola_campingowego_01.jpg 1200w\" sizes=\"auto, (max-width: 1024px) 100vw, 1024px\" \/><\/a>\n\t\t\t<\/dt>\n\t\t\t\t<dd class='wp-caption-text gallery-caption' id='gallery-1-139'>\n\t\t\t\tlod\u00f3wka w kuchni te\u017c jest\n\t\t\t\t<\/dd><\/dl><br style=\"clear: both\" \/><dl class='gallery-item'>\n\t\t\t<dt class='gallery-icon portrait'>\n\t\t\t\t<a href='http:\/\/camping.gorystolowe.info\/wp-content\/uploads\/2021\/06\/20210602_113836-scaled-e1622636878435.jpg' title=\"\" data-rl_title=\"\" class=\"rl-gallery-link\" data-rl_caption=\"\" data-rel=\"lightbox-gallery-1\"><img loading=\"lazy\" decoding=\"async\" width=\"577\" height=\"1024\" src=\"http:\/\/camping.gorystolowe.info\/wp-content\/uploads\/2021\/06\/20210602_113836-577x1024.jpg\" class=\"attachment-large size-large\" alt=\"\" aria-describedby=\"gallery-1-148\" srcset=\"http:\/\/camping.gorystolowe.info\/wp-content\/uploads\/2021\/06\/20210602_113836-577x1024.jpg 577w, http:\/\/camping.gorystolowe.info\/wp-content\/uploads\/2021\/06\/20210602_113836-169x300.jpg 169w, http:\/\/camping.gorystolowe.info\/wp-content\/uploads\/2021\/06\/20210602_113836-768x1364.jpg 768w, http:\/\/camping.gorystolowe.info\/wp-content\/uploads\/2021\/06\/20210602_113836-865x1536.jpg 865w, http:\/\/camping.gorystolowe.info\/wp-content\/uploads\/2021\/06\/20210602_113836-1153x2048.jpg 1153w, http:\/\/camping.gorystolowe.info\/wp-content\/uploads\/2021\/06\/20210602_113836-scaled-e1622636878435.jpg 900w\" sizes=\"auto, (max-width: 577px) 100vw, 577px\" \/><\/a>\n\t\t\t<\/dt>\n\t\t\t\t<dd class='wp-caption-text gallery-caption' id='gallery-1-148'>\n\t\t\t\tprysznic w osobnych pomieszczeniach\n\t\t\t\t<\/dd><\/dl><dl class='gallery-item'>\n\t\t\t<dt class='gallery-icon landscape'>\n\t\t\t\t<a href='http:\/\/camping.gorystolowe.info\/wp-content\/uploads\/2021\/06\/20210602_113843-scaled.jpg' title=\"\" data-rl_title=\"\" class=\"rl-gallery-link\" data-rl_caption=\"\" data-rel=\"lightbox-gallery-1\"><img loading=\"lazy\" decoding=\"async\" width=\"1024\" height=\"577\" src=\"http:\/\/camping.gorystolowe.info\/wp-content\/uploads\/2021\/06\/20210602_113843-1024x577.jpg\" class=\"attachment-large size-large\" alt=\"\" aria-describedby=\"gallery-1-149\" srcset=\"http:\/\/camping.gorystolowe.info\/wp-content\/uploads\/2021\/06\/20210602_113843-1024x577.jpg 1024w, http:\/\/camping.gorystolowe.info\/wp-content\/uploads\/2021\/06\/20210602_113843-300x169.jpg 300w, http:\/\/camping.gorystolowe.info\/wp-content\/uploads\/2021\/06\/20210602_113843-768x432.jpg 768w, http:\/\/camping.gorystolowe.info\/wp-content\/uploads\/2021\/06\/20210602_113843-1536x865.jpg 1536w, http:\/\/camping.gorystolowe.info\/wp-content\/uploads\/2021\/06\/20210602_113843-2048x1153.jpg 2048w\" sizes=\"auto, (max-width: 1024px) 100vw, 1024px\" \/><\/a>\n\t\t\t<\/dt>\n\t\t\t\t<dd class='wp-caption-text gallery-caption' id='gallery-1-149'>\n\t\t\t\tprysznice &#8211; 4 damskie i 4 m\u0119skie\n\t\t\t\t<\/dd><\/dl><br style=\"clear: both\" \/>\n\t\t<\/div>\n\n","protected":false},"excerpt":{"rendered":"","protected":false},"author":1,"featured_media":0,"parent":0,"menu_order":0,"comment_status":"closed","ping_status":"closed","template":"","meta":{"footnotes":""},"class_list":["post-68","page","type-page","status-publish","hentry"],"_links":{"self":[{"href":"http:\/\/camping.gorystolowe.info\/index.php\/wp-json\/wp\/v2\/pages\/68","targetHints":{"allow":["GET"]}}],"collection":[{"href":"http:\/\/camping.gorystolowe.info\/index.php\/wp-json\/wp\/v2\/pages"}],"about":[{"href":"http:\/\/camping.gorystolowe.info\/index.php\/wp-json\/wp\/v2\/types\/page"}],"author":[{"embeddable":true,"href":"http:\/\/camping.gorystolowe.info\/index.php\/wp-json\/wp\/v2\/users\/1"}],"replies":[{"embeddable":true,"href":"http:\/\/camping.gorystolowe.info\/index.php\/wp-json\/wp\/v2\/comments?post=68"}],"version-history":[{"count":7,"href":"http:\/\/camping.gorystolowe.info\/index.php\/wp-json\/wp\/v2\/pages\/68\/revisions"}],"predecessor-version":[{"id":150,"href":"http:\/\/camping.gorystolowe.info\/index.php\/wp-json\/wp\/v2\/pages\/68\/revisions\/150"}],"wp:attachment":[{"href":"http:\/\/camping.gorystolowe.info\/index.php\/wp-json\/wp\/v2\/media?parent=68"}],"curies":[{"name":"wp","href":"https:\/\/api.w.org\/{rel}","templated":true}]}}